(s/10). Let m(z) = -z**2 + 3*z**2 + 4 - z**x - 5*z. Calculate m(6).
10
Let r = 34 - 39. Let n = -11 - r. Let s(h) = h**2 + 5*h + 3. Determine s(n).
9
Suppose -g + 5 = -4*n + 2*g, 3*n + 40 = -5*g. Let j(m) = -45*m - 48*m + 94*m + 1. Determine j(n).
-4
Let g(k) be the third derivative of -2*k**5/5 + k**3/6 - 5*k**2 - 41. Determine g(1).
-23
Let j(i) be the third derivative of i**4/12 - 4*i**3/3 - 605*i**2. Give j(-3).
-14
Let z(y) = -38*y - 37. Let r be z(-1). Let n(c) = -3*c**2 + 1. Give n(r).
-2
Let b(h) = -22*h**2 - 3*h - 43. Let l(t) = 31*t**2 + 4*t + 65. Let d(x) = 7*b(x) + 5*l(x). What is d(0)?
24
Let y be 3 + (-7 - 5) + 3. Let a(f) = f**2 + 10*f + 22. What is a(y)?
-2
Let v(s) = s + 5. Let i(t) = t**3 - 5*t**2 + 3*t + 3. Let g(d) = -d**2 - d. Let h(m) = 4*g(m) + i(m). Let j be h(9). Give v(j).
-1
Let k(v) = 2*v**2 - 5*v - 4. Suppose -20 = 5*l + 110. Let g = 30 + l. Determine k(g).
8
Let q(r) = 259*r**2 - 89*r**2 - 86*r**2 - 83*r**2 + 7. Give q(0).
7
Let c(i) = i**3 - 4*i**2 + 2*i - 1. Let k = 1674 + -1672. Calculate c(k).
-5
Let b(r) be the third derivative of 1/24*r**4 - 1/120*r**6 - 1/12*r**5 + 0 + r**2 + 0*r + 7/6*r**3. What is b(-5)?
2
Suppose 3*a + 15 = -2*a. Let c(d) = -d + 2. Let g be c(a). Let v(p) be the third derivative of -p**4/8 + 7*p**3/6 + 2*p**2. Give v(g).
-8
Let r(h) = -h**2 + 6*h - 5. Let p(l) = -l**2 + 9*l - 8. Let o be p(4). Let d be ((-9)/o)/((-1)/8). Give r(d).
-5
Suppose 2 + 2 = -2*s. Let j(z) be the second derivative of z**4/6 + z**3/6 - 4*z - 12. What is j(s)?
6
Let f(z) = -z**3 + 4*z**2 + 2*z + 1. Let t(j) = -j**3 + j**2 + j + 1. Let g(c) = -f(c) + 2*t(c). Let x be 1/(220/108 - 2). Let v = x - 30. Determine g(v).
10
Let o = 65 + -63. Let d(j) = 11 + j**3 + 2*j**o - 21 - 3*j + 15. What is d(-4)?
-15
Let o(r) = 565 - 1142 - r + 572. Let m be 1/3 - 13/3. Calculate o(m).
-1
Let z be (-11)/((-6)/(-16)*(-6)/(-9)). Let t = 42 + z. Let a(q) = q**2 + 3*q + 2. Calculate a(t).
0
Suppose 2*g = g + 2*m, 5*g - 8 = 2*m. Let z(s) = -6*s**2 - s. Let w be z(g). Let y be 12/78 + (-22)/w. Let q(c) = c**3 + c**2 - 2*c + 1. Give q(y).
1
Let g(z) = 2*z - 5. Let r = -562 - -565. Give g(r).
1
Let o(m) be the first derivative of -7 + 7*m - 1/2*m**2. What is o(6)?
1
Let g(b) = -25*b + 37. Let q(t) = 9*t - 13. Let y(z) = 4*g(z) + 11*q(z). Determine y(10).
-5
Suppose -2*u = u. Let l(t) = u - t + 7 - 6. Determine l(2).
-1
Let v(n) be the third derivative of 1/6*n**3 - 4*n**2 + 0 + 1/8*n**4 - 1/120*n**6 + 1/20*n**5 + 0*n. Let w be 10/(-14) + (-2)/7 - 1. What is v(w)?
15
Suppose -5*h + 5*j = -55, -6*j = 2*h - 4*j - 6. Let p(x) be the second derivative of -x**5/20 + x**4/2 + 7*x**3/6 - x**2 - 4*x. Give p(h).
-2
Suppose -4*q - 31 = 3*i, 3*q - 3*i = 2*i + 13. Let v(u) = -3*u - 1. Let m(a) = a. Let g(k) = q*m(k) - v(k). Calculate g(-4).
5
Suppose 5*b = 3*b. Suppose 4*y - 4*o = -2*o + 4, 3*o - 12 = b. Let z(l) be the second derivative of l**4/12 - l**3/6 - 3*l**2/2 - 2*l. Determine z(y).
3
Let t(w) = -3*w + 4. Let f = 110 + -104. Give t(f).
-14
Let m(s) = s**3 + 9*s**2 - 11*s - 5. Let a(b) = 5*b + 125. Let r be a(-27). Determine m(r).
5
Let d(z) = -20 + 15 + 16*z - 11*z + 11 - 2*z**2. Calculate d(3).
3
Let o be (-2)/(-8) - 7/(-4). Let q(x) = x**3 - 2*x**2 + 2. Let i be q(2). Let v(y) = 4*y + 2*y - i*y**2 - 7*y. What is v(o)?
-10
Let j be 9 + (-6)/2 + 0. Let z be (-15)/9 + 4/j. Let l(d) be the second derivative of -d**5/20 + d**4/12 + d**3/6 + d**2/2 - 6*d. What is l(z)?
2
Let j be (-2*3/2)/(3/8). Let o be 22/j + ((-18)/(-24) - 0). Let v(s) = -5*s - 1. Give v(o).
9
Let i(t) = -t + 4. Suppose -2*u + 16 = -f, 2*f = -0*u - 2*u + 10. What is i(u)?
-3
Let p(o) = 3*o - 1. Let y(u) = 5*u + 15 + 0*u - 4*u. Let w be y(-15). Suppose w = s + 2. What is p(s)?
-7
Let p(z) = z - 311 - 301 + 622. Determine p(-9).
1
Suppose -6*q = -2*q. Suppose q = 2*m - r - 4, 0 = -m - r - 1 + 3. Let l(c) = 4*c + 4 - 3*c + m*c - 4*c - c**2. What is l(-4)?
-8
Let s(f) = -2*f - 37 + 95 - 27 - 26. Give s(3).
-1
Let p(v) = v**3 - 197*v**2 + 0*v**3 - 3*v + 2 + 197*v**2. Let z(d) = 3*d**3 - d**2 + 1. Let s be z(1). Suppose 2*a - 1 = s. What is p(a)?
4
Suppose 0 = 3*q + d - 42 - 20, 5*q - 5*d = 90. Let c(j) = 0 + 3 + 5*j - 18*j**2 + q*j**2. Determine c(-4).
15
Let a(f) = f**3 + 7*f**2 - 3. Suppose x - 5*x - 17 = -o, -9 = 3*x. Suppose o*s + 0*q + 4*q = -55, 39 = -2*s - 5*q. Calculate a(s).
-3
Let x be 8/(-8)*(1 - -2). Let u = 4 + 1. Let m(w) = -w**2 - 7 + 4 - u*w - 1. What is m(x)?
2
Let a(u) = 2*u**2 - 6*u - 4. Let t be a(5). Let v = t - 11. Let c(w) = 2*w**2 + 4*w**2 + 0*w**2 - v*w**2 + w**3. What is c(-1)?
0
Let q(z) = -13 + 16 - 8 + 3*z. Let c be q(2). Let t(b) = 9*b**3 - 2*b + 1. Let g(m) = 26*m**3 - m**2 - 7*m + 4. Let s(v) = 2*g(v) - 7*t(v). What is s(c)?
-12
Let g(f) = f**3 + 6*f**2 + f - 4. Suppose -u - 12 = -3*u. Let l(i) = i - 12. Let o be l(u). Calculate g(o).
-10
Let o(k) = -1 - 6*k**3 + 23*k**2 + k + 18*k**2 - 42*k**2. Calculate o(1).
-7
Suppose -p = -2*p + 3. Let u(z) be the second derivative of -z**4/6 + z**3/2 + 3*z**2/2 - 2*z - 30. Determine u(p).
-6
Let r(p) be the second derivative of p**6/360 + p**5/120 - 11*p**3/6 - 32*p. Let h(w) be the second derivative of r(w). Determine h(-3).
6
Let c(n) = 2*n**3 + 1. Let g(z) = -7*z**3 + 4*z**2 + 4*z. Let j(o) = -4*c(o) - g(o). Give j(-4).
12
Suppose 2*y = -12 + 8. Let l be ((-52)/5)/y + (-9)/45. Let x(v) = 3*v - 2. Give x(l).
13
Suppose 0 = -2*s - p + 4 - 1, 2*s - 9 = 5*p. Let r(t) = -3 + 1 + 7 + s - t. Let v = -74 - -77. What is r(v)?
4
Let h = 31 - 31. Suppose -5*r + 221 - 231 = h. Let g(l) = 3*l**2 - 3*l - 3. Calculate g(r).
15
Let c(n) be the second derivative of -n**5/20 + n**4/6 + n**3/6 + n**2/2 - 365*n. Suppose -13 = -4*h - 5. Give c(h).
3
Let q(x) = 2*x - 2. Let u be (-89)/13 + -1*(-8)/(-52). Let a = 5 + u. Determine q(a).
-6
Let i(s) = -s**2 + 8*s - 3. Let x(q) = q**2 - 3*q - 3. Let l be x(5). Let b be i(l). Let v be (b/8)/((-2)/12). Let t(n) = -n**2 - 4*n - 3. Calculate t(v).
0
Let w(o) = -o**2 + 3*o + 5. Let h be 6/15 - 56/(-10). Suppose -2*n + h*n = 0. Suppose -8 = -r + t, n = -r - 0*r - t. What is w(r)?
1
Let d be (15/(-2))/(-5)*2. Let f(x) = 9*x**3 - x**2 - 3*x**d + 0*x**2. Let k be 10/(-25) + 0 + (-7)/(-5). Give f(k).
5
Let r(b) = -1 + 5 + 3 + 17*b + 8*b - 6. What is r(-1)?
-24
Let x be 3 + 1 + 0/1. Suppose 5*h = j + 54, x*h - 11 = -j + 34. Suppose -h = 4*p - 3*u + 4, 4*u + 2 = -2*p. Let g(r) = 2*r + 3. Determine g(p).
-3
Let g(r) = 2 - 8 + r + 2 + r. Let y(n) be the second derivative of n**4/12 - n**3/6 + n**2 + n. Let p be y(2). Calculate g(p).
4
Let u(m) = -3*m**2 + m - 1. Let a(i) = -7*i**2 + 10*i - 4. Let o(n) = -a(n) + 2*u(n). Calculate o(7).
-5
Let t(l) = l. Let b(k) = -3*k + 3. Let i(c) = b(c) + 6*t(c). Let z(w) = -w**3 + 6*w**2 - 2*w + 9. Let s = -10 + 16. Let n be z(s). What is i(n)?
-6
Let f be (1*1/(-2))/(7/(-14)). Let a(c) = -7*c**2 - 1. Determine a(f).
-8
Let y(z) be the third derivative of -z**5/60 - 3*z**4/8 - 13*z**3/6 - 2*z**2 - 8*z. Calculate y(-8).
-5
Let a(i) be the third derivative of -i**6/360 + i**5/120 + i**4/12 - 8*i**3/3 + 3*i**2. Let o(d) be the first derivative of a(d). Give o(4).
-10
Let z be (-18)/(-3)*(-7)/(-2). Suppose -2*b + 4 = 3*a, 0 = -a - 4*b + z - 3. Let w(g) = 3*g + 2. Calculate w(a).
-4
Suppose -8 = 5*v + 2. Suppose 5*b + 15 = -5*c, -4*b - 37 + 7 = -2*c. Let o = v - b. Let n(m) = m**2 - 4*m + 5. Give n(o).
5
Let x = -253 - -250. Let s(h) = h**2 + 3*h + 4. Determine s(x).
4
Let b(c) = 42*c - 8 - 44*c + 5. Give b(-6).
9
Suppose 0 = 27*q - 29*q - 8. Let b(c) = -c**2 - 6*c - 5. Let o be b(q). Let z(r) = r**3 - 2*r**2 - 4*r + 3. Determine z(o).
0
Let f(q) be the second derivative of q**7/2520 + q**6/240 + q**5/60 + 5*q**4/12 + 14*q. Let w(o) be the third derivative of f(o). What is w(-2)?
0
Let g = 267 + -260. Let z(f) = -4*f + 25. Calculate z(g).
-3
Suppose 21*o = 16*o + 25. Let m(t) = t**3 - 4*t**2 + 3*t - 4. Determine m(o).
36
Let u(p) = 2*p - 5. Let v(f) = 2*f + 8. Let a be v(-2). Calculate u(a).
3
Let a(u) be the third derivative of u**4/24 - u**3/2 + 12*u**2. Let z(x) = 6*x**2 + 18*x - 17. Let f be z(1). Calculate a(f).
4
Let m(w) = -w**3 + 11*w**2 - 12*w + 15. Let t(c) = -7*c + 2*c + 9*c - 6 + 3*c**2 - c**2. Let x be t(-4). Give m(x).
-5
Let s(x) = x**2 - x - 1. Let